{"id":1065,"date":"2019-11-14T13:40:26","date_gmt":"2019-11-14T12:40:26","guid":{"rendered":"http:\/\/www.conservatoriolucena.es\/?page_id=1065"},"modified":"2024-09-12T17:14:18","modified_gmt":"2024-09-12T16:14:18","slug":"equipo-directivo","status":"publish","type":"page","link":"https:\/\/www.conservatoriolucena.es\/?page_id=1065","title":{"rendered":"Equipo directivo"},"content":{"rendered":"<h1>Equipo directivo<\/h1>\n<ul>\n<li>\n<p>        <img decoding=\"async\" src=\"\/wp-content\/uploads\/achicano.jpg\" alt=\"\"><\/p>\n<div>\n<p><strong>Director | <\/strong>Antonio Chicano P\u00e9rez.<br \/><i class=\"fa fa-envelope fa-o\"><\/i>\u00a0<a href=\"mailto:antonio.chicano@conservatoriolucena.es\">antonio.chicano@conservatoriolucena.es<\/a><\/p>\n<\/div>\n<\/li>\n<li>\n<p>        <img decoding=\"async\" src=\"\/wp-content\/uploads\/domi-foto-web-100.png\" alt=\"\"><\/p>\n<div>\n<p><strong>Vicedirector | <\/strong>Domingo Escobar D\u00edaz.<br \/><i class=\"fa fa-envelope fa-o\"><\/i>\u00a0<a href=\"mailto:fernando.chicano@conservatoriolucena.es\" target=\"_blank\" rel=\"noopener\">domingo.escobar@conservatoriolucena.es<\/a><\/p>\n<\/div>\n<\/li>\n<li>\n<p>        <img decoding=\"async\" src=\"\/wp-content\/uploads\/curro.jpg\" alt=\"\"><\/p>\n<div>\n<p><strong>Jefe de estudios | <\/strong>Francisco Vald\u00e9s \u00c1lvarez.<br \/><i class=\"fa fa-envelope fa-o\"><\/i>\u00a0<a href=\"mailto:francisco.valdes@conservatoriolucena.es\">francisco.valdes@conservatoriolucena.es<\/a><\/p>\n<\/div>\n<\/li>\n<li>\n<p>        <img data-recalc-dims=\"1\" decoding=\"async\" src=\"https:\/\/i0.wp.com\/www.conservatoriolucena.es\/wp-content\/uploads\/jlam3.jpg?ssl=1\" alt=\"\"><\/p>\n<div>\n<p><strong>Secretario | <\/strong>Jos\u00e9 Luis Arrabal Ma\u00edz.<br \/><i class=\"fa fa-envelope fa-o\"><\/i>\u00a0<a href=\"mailto:joseluis.arrabal@conservatoriolucena.es\">joseluis.arrabal@conservatoriolucena.es<\/a><\/p>\n<\/div>\n<\/li>\n<\/ul>\n<div>\n<h3 style=\"text-align: justify;\">Funciones del equipo directivo<\/h3>\n<p style=\"text-align: justify;\">El Equipo Directivo tendr\u00e1 las siguientes funciones:<\/p>\n<ol class=\"letras\">\n<li style=\"text-align: justify;\">Velar por el buen funcionamiento del Centro<\/li>\n<li style=\"text-align: justify;\">Estudiar y presentar al Claustro y al Consejo Escolar propuestas para facilitar y fomentar la participaci\u00f3n de toda la comunidad educativa en la vida del Centro.<\/li>\n<li style=\"text-align: justify;\">Promover procedimientos de evaluaci\u00f3n de las distintas actividades del Centro.<\/li>\n<li style=\"text-align: justify;\">Proponer a la comunidad educativa actuaciones de car\u00e1cter preventivo que favorezcan las relaciones entre los distintos colectivos que la integran y que mejoren la convivencia en el Conservatorio.<\/li>\n<li style=\"text-align: justify;\">Adoptar las medidas necesarias para la ejecuci\u00f3n coordinada de las decisiones del Consejo Escolar y del Claustro de Profesorado en el \u00e1mbito de sus respectivas competencias.<\/li>\n<li style=\"text-align: justify;\">Establecer criterios para la elaboraci\u00f3n del proyecto de presupuesto.<\/li>\n<li style=\"text-align: justify;\">Coordinar la elaboraci\u00f3n del Proyecto de Centro, del Plan Anual de Centro y de la Memoria Final de Curso.<\/li>\n<li style=\"text-align: justify;\">Elaborar la propuesta del Reglamento de Organizaci\u00f3n y Funcionamiento.<\/li>\n<li style=\"text-align: justify;\">Colaborar con la Administraci\u00f3n educativa en aquellos \u00f3rganos de participaci\u00f3n que, a tales efectos, se establezcan.<\/li>\n<\/ol>\n<\/div>\n<p><!--more--><br \/>\n<!-- {\"type\":\"layout\",\"children\":[{\"type\":\"section\",\"props\":{\"image_position\":\"center-center\",\"padding\":\"small\",\"style\":\"default\",\"title_breakpoint\":\"xl\",\"title_position\":\"top-left\",\"title_rotation\":\"left\",\"vertical_align\":\"middle\",\"width\":\"default\"},\"children\":[{\"type\":\"row\",\"props\":{\"margin_remove_top\":true},\"children\":[{\"type\":\"column\",\"props\":{\"image_position\":\"center-center\",\"position_sticky_breakpoint\":\"m\",\"width_medium\":\"1-1\"},\"children\":[{\"type\":\"headline\",\"props\":{\"content\":\"Equipo directivo\",\"title_decoration\":\"line\",\"title_element\":\"h1\"}},{\"type\":\"list\",\"props\":{\"column\":\"1-2\",\"column_breakpoint\":\"m\",\"image_align\":\"left\",\"image_border\":\"rounded\",\"image_svg_animate\":false,\"image_svg_color\":\"secondary\",\"image_svg_inline\":false,\"image_vertical_align\":false,\"list_element\":\"ul\",\"list_horizontal_separator\":\", \",\"list_type\":\"vertical\",\"show_image\":true,\"show_link\":true},\"children\":[{\"type\":\"list_item\",\"props\":{\"content\":\"\n\n<p><strong>Director | <\\\/strong>Antonio Chicano P\\u00e9rez.<br \\\/><i class=\\\"fa fa-envelope fa-o\\\"><\\\/i>\\u00a0<a href=\\\"mailto:antonio.chicano@conservatoriolucena.es\\\">antonio.chicano@conservatoriolucena.es<\\\/a><br \\\/><br \\\/><\\\/p>\",\"image\":\"wp-content\\\/uploads\\\/achicano.jpg\"}},{\"type\":\"list_item\",\"props\":{\"content\":\"\n\n<p><strong>Vicedirector | <\\\/strong>Domingo Escobar D\\u00edaz.<br \\\/><i class=\\\"fa fa-envelope fa-o\\\"><\\\/i>\\u00a0<a href=\\\"mailto:fernando.chicano@conservatoriolucena.es\\\" target=\\\"_blank\\\" rel=\\\"noopener\\\">domingo.escobar@conservatoriolucena.es<\\\/a><br \\\/><br \\\/><\\\/p>\",\"image\":\"wp-content\\\/uploads\\\/domi-foto-web-100.png\"}},{\"type\":\"list_item\",\"props\":{\"content\":\"\n\n<p><strong>Jefe de estudios | <\\\/strong>Francisco Vald\\u00e9s \\u00c1lvarez.<br \\\/><i class=\\\"fa fa-envelope fa-o\\\"><\\\/i>\\u00a0<a href=\\\"mailto:francisco.valdes@conservatoriolucena.es\\\">francisco.valdes@conservatoriolucena.es<\\\/a><br \\\/><br \\\/><\\\/p>\",\"image\":\"wp-content\\\/uploads\\\/curro.jpg\"}},{\"type\":\"list_item\",\"props\":{\"content\":\"\n\n<p><strong>Secretario | <\\\/strong>Jos\\u00e9 Luis Arrabal Ma\\u00edz.<br \\\/><i class=\\\"fa fa-envelope fa-o\\\"><\\\/i>\\u00a0<a href=\\\"mailto:joseluis.arrabal@conservatoriolucena.es\\\">joseluis.arrabal@conservatoriolucena.es<\\\/a><br \\\/><br \\\/><\\\/p>\",\"image\":\"https:\\\/\\\/www.conservatoriolucena.es\\\/wp-content\\\/uploads\\\/jlam3.jpg\"}}]},{\"type\":\"text\",\"props\":{\"column_breakpoint\":\"m\",\"content\":\"\n\n<h3 style=\\\"text-align: justify;\\\">Funciones del equipo directivo<\\\/h3>\\n\n\n<p style=\\\"text-align: justify;\\\">El Equipo Directivo tendr\\u00e1 las siguientes funciones:<\\\/p>\\n\n\n<ol class=\\\"letras\\\">\\n\n\n<li style=\\\"text-align: justify;\\\">Velar por el buen funcionamiento del Centro<\\\/li>\\n\n\n<li style=\\\"text-align: justify;\\\">Estudiar y presentar al Claustro y al Consejo Escolar propuestas para facilitar y fomentar la participaci\\u00f3n de toda la comunidad educativa en la vida del Centro.<\\\/li>\\n\n\n<li style=\\\"text-align: justify;\\\">Promover procedimientos de evaluaci\\u00f3n de las distintas actividades del Centro.<\\\/li>\\n\n\n<li style=\\\"text-align: justify;\\\">Proponer a la comunidad educativa actuaciones de car\\u00e1cter preventivo que favorezcan las relaciones entre los distintos colectivos que la integran y que mejoren la convivencia en el Conservatorio.<\\\/li>\\n\n\n<li style=\\\"text-align: justify;\\\">Adoptar las medidas necesarias para la ejecuci\\u00f3n coordinada de las decisiones del Consejo Escolar y del Claustro de Profesorado en el \\u00e1mbito de sus respectivas competencias.<\\\/li>\\n\n\n<li style=\\\"text-align: justify;\\\">Establecer criterios para la elaboraci\\u00f3n del proyecto de presupuesto.<\\\/li>\\n\n\n<li style=\\\"text-align: justify;\\\">Coordinar la elaboraci\\u00f3n del Proyecto de Centro, del Plan Anual de Centro y de la Memoria Final de Curso.<\\\/li>\\n\n\n<li style=\\\"text-align: justify;\\\">Elaborar la propuesta del Reglamento de Organizaci\\u00f3n y Funcionamiento.<\\\/li>\\n\n\n<li style=\\\"text-align: justify;\\\">Colaborar con la Administraci\\u00f3n educativa en aquellos \\u00f3rganos de participaci\\u00f3n que, a tales efectos, se establezcan.<\\\/li>\\n<\\\/ol>\",\"margin\":\"default\"}}]}]}],\"name\":\"Lista equipo directivo\"}],\"version\":\"4.0.11\"} --><\/p>\n","protected":false},"excerpt":{"rendered":"<p>Equipo directivo Director | Antonio Chicano P\u00e9rez.\u00a0antonio.chicano@conservatoriolucena.es Vicedirector | Domingo Escobar D\u00edaz.\u00a0domingo.escobar@conservatoriolucena.es Jefe de estudios | Francisco Vald\u00e9s \u00c1lvarez.\u00a0francisco.valdes@conservatoriolucena.es Secretario | Jos\u00e9 Luis Arrabal Ma\u00edz.\u00a0joseluis.arrabal@conservatoriolucena.es Funciones del equipo directivo El Equipo Directivo tendr\u00e1 las siguientes funciones: Velar por el buen funcionamiento del Centro Estudiar y presentar al Claustro y al Consejo Escolar propuestas para facilitar [&hellip;]<\/p>\n","protected":false},"author":1,"featured_media":0,"parent":0,"menu_order":0,"comment_status":"closed","ping_status":"closed","template":"","meta":{"jetpack_post_was_ever_published":false,"footnotes":""},"class_list":["post-1065","page","type-page","status-publish","hentry"],"jetpack_sharing_enabled":true,"jetpack_shortlink":"https:\/\/wp.me\/PanE4f-hb","jetpack-related-posts":[],"_links":{"self":[{"href":"https:\/\/www.conservatoriolucena.es\/index.php?rest_route=\/wp\/v2\/pages\/1065","targetHints":{"allow":["GET"]}}],"collection":[{"href":"https:\/\/www.conservatoriolucena.es\/index.php?rest_route=\/wp\/v2\/pages"}],"about":[{"href":"https:\/\/www.conservatoriolucena.es\/index.php?rest_route=\/wp\/v2\/types\/page"}],"author":[{"embeddable":true,"href":"https:\/\/www.conservatoriolucena.es\/index.php?rest_route=\/wp\/v2\/users\/1"}],"replies":[{"embeddable":true,"href":"https:\/\/www.conservatoriolucena.es\/index.php?rest_route=%2Fwp%2Fv2%2Fcomments&post=1065"}],"version-history":[{"count":8,"href":"https:\/\/www.conservatoriolucena.es\/index.php?rest_route=\/wp\/v2\/pages\/1065\/revisions"}],"predecessor-version":[{"id":2803,"href":"https:\/\/www.conservatoriolucena.es\/index.php?rest_route=\/wp\/v2\/pages\/1065\/revisions\/2803"}],"wp:attachment":[{"href":"https:\/\/www.conservatoriolucena.es\/index.php?rest_route=%2Fwp%2Fv2%2Fmedia&parent=1065"}],"curies":[{"name":"wp","href":"https:\/\/api.w.org\/{rel}","templated":true}]}}